/b*(-78)/(-2)?
9
Let w(o) = o - 5. Suppose -3*j = -k - 4 - 8, 0 = 3*j - 12. Let z be w(k). What is the tens digit of (-28)/z*5/1?
2
Let x be -6*3/27 + 2/3. Let l = 20 - 5. Suppose x*d = -5*d + l. What is the units digit of d?
3
Let t(y) = y**3 - 7*y**2 + y - 2. Let c be t(7). Suppose -2*r - r + 2*u + 7 = 0, 0 = 4*r - c*u. What is the units digit of r?
5
Suppose 64 = -4*i - 4. Suppose 21*q = -228 - 45. Let d = q - i. What is the units digit of d?
4
Let g = -17 - -27. Suppose g = -0*t + t. What is the units digit of t?
0
Let l(v) = v**3 - 10*v**2 - 13*v + 36. Let j be l(11). Suppose 0 = 2*x - 8 - 72. Let o = x - j. What is the tens digit of o?
2
Let d be ((-4)/6)/((-6)/27). Let m be 248/(-24)*(0 + d). Let s = 12 - m. What is the tens digit of s?
4
Suppose 2*t = 3*g - 6, -2*t + 6*t + 16 = 5*g. Let u be ((-3)/(-3) - t) + -1. Suppose b - u = -2*z, 2*z - 2*b - 2*b = -6. What is the units digit of z?
3
Suppose 3 = 8*b - 5*b. Let o = 3 - b. What is the units digit of o?
2
Suppose 11*k - 3*k - 1296 = 0. Let w = 277 - k. What is the hundreds digit of w?
1
Let c(y) = -10*y**2 + 32 + 4*y + 12*y**2 + 10*y**2 + 3*y**3 - 2*y**3. What is the units digit of c(-11)?
9
Let r(q) = 6*q**2 + 6. Let j be r(6). Suppose s - 79 = 2*c, -3*s + 3*c + j = -0*c. What is the tens digit of s?
6
What is the units digit of ((-10)/(-25))/(-3*1/(-3420))?
6
Suppose 6*y + 266 = -346. What is the units digit of (-36)/(-24)*y/(-1)?
3
Suppose -184 + 12 = 4*u. Let g = 67 + u. What is the tens digit of g?
2
Suppose -31*n - 108 = -29*n. Let u = 13 - n. What is the units digit of u?
7
Let c be (-2)/(-8) - 4404/(-48). Suppose 3*a - c = a. What is the units digit of a?
6
Let c = 38 - 25. Let p = c + -11. Suppose -i + 3*q - 5 = 0, 3*i + i - 50 = -p*q. What is the units digit of i?
0
Suppose 0 = 39*g - 8467 - 31157. What is the thousands digit of g?
1
Let y(s) = -s**2 - 6*s + 19. Let d = 37 - 45. What is the units digit of y(d)?
3
What is the units digit of (-4029)/(-34) + 1/2?
9
Suppose 808 = 4*z - 4*j, 5*z = 3*z + 4*j + 402. Let n = -74 + z. What is the tens digit of n?
2
Suppose 2*f = 14 + 62. Suppose 3*d - 1420 = f. What is the units digit of (-2)/5 - d/(-15)?
2
Let c(p) = -3*p + 805. What is the hundreds digit of c(47)?
6
Let t = 1066 + -622. Suppose 3*d + 3*d = t. What is the units digit of d?
4
Let s = -638 - -2899. What is the tens digit of s?
6
Suppose 55 - 212 = -n. Suppose -5*c = 2*g - 137, -5*c - 3*g = -6*g - n. Let a = -19 + c. What is the units digit of a?
0
Let r(i) = 90*i + 3. Let b be r(-1). Let f = b - -111. What is the tens digit of f?
2
Let h be -4 + 5 + 36/4. Suppose -4*x + x - h = -l, l + 4*x = -4. Suppose -l*v - 44 = -3*d, 2*v - 6*v - 56 = -4*d. What is the tens digit of d?
1
Let q = 339 + -191. Suppose t + t - q = 0. Suppose -3*a = 3*f - t + 5, 0 = 4*f - 4*a - 92. What is the units digit of f?
3
Suppose 7*x = 3*x - 5*j - 17, -5*j = -x + 27. Suppose -c + 3*m + 56 = 0, 7*c = 3*c + x*m + 264. What is the units digit of c?
8
Let w be 27/12 + (-2)/8. Suppose -2 = -c + w. Suppose 3*x + 5*y + 42 - 129 = 0, -5*y = c*x - 121. What is the tens digit of x?
3
Suppose -k + 1480 = -4*f, 0*f + 2935 = 2*k - 3*f. What is the units digit of k?
0
Suppose -17*s + 25*s - 2568 = 0. What is the units digit of s?
1
Let w = -3720 + 6997. What is the units digit of w?
7
Let p(r) = -2255*r**3 - 2*r**2 + 24*r + 23. What is the units digit of p(-1)?
2
Let c be 20 - -1 - (2 - -1). Let s be (-20)/(-9) - 4/c. What is the units digit of 39 + -2 + (-2)/s?
6
Let h = -12 + 17. Suppose h*d - 30 = 15. Suppose -d*i = -7*i - 14. What is the units digit of i?
7
Let r(m) = -m**3 + 54*m**2 - 148*m - 81. What is the units digit of r(51)?
4
Suppose -3*u + 4 = -x, 3*x + 5*u = -27 + 1. Let h(d) = d**3 + 6*d**2 - 9*d + 9. Let a be h(x). Let b = -13 + a. What is the tens digit of b?
1
Let f = 298 - 36. What is the tens digit of f?
6
What is the units digit of (1336/(-14))/((-5)/(140/8))?
4
Suppose 0 = 484*o - 487*o + 4740. What is the units digit of o?
0
Let f = -85 - -111. Let j be 0/((-3 - -2) + 0). Suppose j*z - f = -z. What is the tens digit of z?
2
Let n(f) = -2*f - 7. Let d be (-1)/((-3)/4)*-3. Let i be n(d). Let s(r) = 8*r**3 - 2*r**2 + 1. What is the units digit of s(i)?
7
Let p be 120 - (-2 + (-1 - -4)). Let r = 242 - p. Suppose -4*k - 23 + r = 0. What is the units digit of k?
5
Suppose -95*f + 30776 = -87*f. What is the units digit of f?
7
Let k be 1860/(-42)*7/(-1). Suppose 11*i - k = 97. What is the units digit of i?
7
Suppose 2047 = 9*b - 4604. What is the tens digit of b?
3
Let o(c) = -c**3 + 8*c**2 + 3*c - 9. Let l be o(8). Suppose 0 = 4*s - l - 1. What is the units digit of s?
4
Suppose 3*f = 5 + 10. Suppose -30 = f*h + 5*w - 110, 0 = -3*h - w + 48. What is the units digit of h?
6
Let r(d) = 220*d + 7. What is the hundreds digit of r(2)?
4
Let g(z) = z**2 - 3*z - 6. Let d be 1/(-3) - 8/(-24). Let r = 6 + d. What is the units digit of g(r)?
2
Let r be 4/(6/(-3))*-1. Suppose -f + 19 = 5*h, f = r*f + h - 23. What is the tens digit of f?
2
Let m(d) = -3*d**3 - 8*d**2 - 10*d + 16. Let w(l) = -10*l**3 - 23*l**2 - 31*l + 48. Let h(r) = -7*m(r) + 2*w(r). What is the units digit of h(-8)?
8
Let g(j) = j**3 - j. Let c(z) = -z**3 + 3*z**2 + 3*z - 4. Let d(m) = c(m) + 3*g(m). Let f be d(-4). What is the units digit of f/(-4)*2/6?
7
Let o be -7*((-1)/(-2)*2 - 2). Suppose 0 = y - 2*b - 12 - o, -2*b = 4*y - 66. What is the tens digit of y?
1
Let b(c) = -2*c**2 + 9*c - 15. Let d be b(5). Let q = 111 + d. What is the units digit of q?
1
Suppose 0 = i - 3*y - 0 + 3, i = -3*y + 27. What is the tens digit of 412/6 - 8/i?
6
Let p(n) = n**3 - 2*n**2 - n. Suppose 3*j - 2 = 13. Let f be p(j). Let a = -45 + f. What is the units digit of a?
5
Suppose v - 4*f = 952, 4*v - 3*v = -2*f + 922. What is the units digit of v?
2
Let g(d) = -221*d + 94. What is the tens digit of g(-7)?
4
Suppose 5*x + 42 = -8*a + 11*a, 3*x = -3*a + 42. What is the tens digit of a?
1
Suppose u = 5*u + 3*i - 1133, 3*i = u - 302. Let j = 509 - u. What is the units digit of j?
2
Let k(b) be the second derivative of 7*b**4/4 - b**3/3 + b**2/2 + 3*b. What is the units digit of k(-2)?
9
Let q(y) = 21*y**2 - 10*y + 68. What is the tens digit of q(7)?
2
Suppose -5*k = -k - 1412. Suppose -3*w + k = 110. What is the tens digit of w?
8
Let c = 741 - 500. What is the units digit of c?
1
Let n = -57 - -730. What is the tens digit of n?
7
Let a(t) = -t**2 + 23*t - 4. Suppose -3*k + 21 = -27. What is the tens digit of a(k)?
0
What is the units digit of (-91)/(4/2*(-6)/12)?
1
Let g(j) = -209*j**3 - 2*j**2 + 2*j + 2. Let n(b) = -b**2 - 29*b - 29. Let w be n(-28). What is the hundreds digit of g(w)?
2
Suppose 3*k + 162 = -30. Let y = -15 + 21. What is the tens digit of 9/27 - k/y?
1
Suppose -4*h = 3*a + 71, 8*a + h + 124 = 3*a. Suppose b + 18 = 2*w, b + 3*w + 3 = -0*b. Let m = b - a. What is the tens digit of m?
1
Suppose 4*x = -2*m + 3*m - 270, -4*m + 1008 = 2*x. Let u = 429 - m. What is the tens digit of u?
7
Let t = -94 - -97. What is the units digit of -1 - 79/(t - 4)?
8
Let f be 10/30 + 454/6. Suppose p - 2*p = -f. What is the tens digit of p?
7
Suppose -5*j = 5, -2*f + j - 6*j + 17 = 0. What is the tens digit of (-70)/(-4) - f/22?
1
Suppose 3*w = 4*a - 27, -a + 1 = 6*w - w. What is the tens digit of (69/a)/((-2)/(-12))?
6
Suppose -3*a - 9 + 33 = 2*m, 0 = -a. What is the units digit of (-1 - 10/(-5))/(3/m)?
4
Let y = -3 + 3. Let b be y - (-30 - (3 - 1)). Suppose 0 = -3*u - 3*s - 12 + 54, -5*s + b = 3*u. What is the units digit of u?
9
Suppose -1565 - 838 = -3*l. What is the tens digit of l?
0
Let t = 448 - -325. What is the hundreds digit of t?
7
Suppose 15*y - 4195 + 670 = 0. Let b = 428 - y. What is the hundreds digit of b?
1
Let w be (10 - 12)/(4/(-6)). Suppose -l = -4*c + 2*l + 520, w*c - 385 = l. What is the hundreds digit of c?
1
Suppose -4*y - 75 = y. Let d = y - -20. Suppose d*k + 14 = 59. What is the units digit of k?
9
Let s = 373 - -700. What is the thousands digit of s?
1
Let h(s) = s - 5. Let q(f) = 1. Let v(m) = -h(m) - 6*q(m). Let i(n) = -n**2 + 14*n - 4. Let b(k) = i(k) + 3*v(k). What is the units digit of b(7)?
1
Let n be 5/(5 + -6) - (-2 + -16). Let o = 12 - 19. Let w = n + o. What is the units digit of w?
6
Suppose -755 = -5*y - 5. Let p = -10